{"id":249,"date":"2026-03-24T21:41:12","date_gmt":"2026-03-24T20:41:12","guid":{"rendered":"https:\/\/etudiant72.webuco.fr\/?page_id=249"},"modified":"2026-04-22T01:16:12","modified_gmt":"2026-04-21T23:16:12","slug":"billetterie","status":"publish","type":"page","link":"https:\/\/etudiant72.webuco.fr\/index.php\/billetterie\/","title":{"rendered":"Billetterie"},"content":{"rendered":"\n<div class=\"gb-element-a61c8634\">\n<div class=\"gb-element-1026143b carte-hover\">\n<h1 class=\"gb-text gb-text-3f40c37d\">Vendredi 12 Juillet<\/h1>\n\n\n\n<p><strong>Le Rat Luciano<\/strong><\/p>\n\n\n\n<p><strong>L\u2019Alg\u00e9rino<\/strong><\/p>\n\n\n\n<p><strong>Ghetto Ph\u00e9nom\u00e8ne<\/strong><\/p>\n\n\n\n<p><strong>Soprano<\/strong><\/p>\n\n\n\n<a class=\"gb-text gb-text-e56bcf83\"><strong>R\u00c9SERVER<\/strong><\/a>\n<\/div>\n\n\n\n<div class=\"gb-element-d592341c carte-hover\">\n<h1 class=\"gb-text gb-text-d3b54d20\">Samedi 13 Juillet <\/h1>\n\n\n\n<p><strong>Koffs<\/strong><\/p>\n\n\n\n<p><strong>YL <\/strong><\/p>\n\n\n\n<p><strong>Alonzo <\/strong><\/p>\n\n\n\n<p><strong>IAM<\/strong>&nbsp;<\/p>\n\n\n\n<a class=\"gb-text gb-text-e11f7974\"><strong>R\u00c9SERVER<\/strong><\/a>\n<\/div>\n\n\n\n<div class=\"gb-element-e144994e carte-hover\">\n<h1 class=\"gb-text gb-text-52a38fcd\">Dimanche 14 Juillet<\/h1>\n\n\n\n<p class=\"gb-text gb-text-9f990fcc\"><strong>Soso Manes<\/strong><\/p>\n\n\n\n<p class=\"has-text-align-center\"><strong>SCH<\/strong><\/p>\n\n\n\n<p class=\"has-text-align-center\"><strong>JUL<\/strong><\/p>\n\n\n\n<p class=\"gb-text\"><strong>13 organis\u00e9e<\/strong><\/p>\n\n\n\n<a class=\"gb-text gb-text-43c928ad\"><strong>R\u00c9SERVER<\/strong><\/a>\n<\/div>\n<\/div>\n\n\n\n<h1 class=\"gb-text gb-text-2a72226f\">Tarifs <\/h1>\n\n\n\n<div class=\"gb-element-1deb9b71\">\n<div class=\"gb-element-9e26676d carte-prix\">\n<p class=\"gb-text\"><strong>Vendredi<\/strong><\/p>\n\n\n\n<p class=\"gb-text gb-text-1ac8e340\"><strong>54 \u20ac<\/strong><\/p>\n<\/div>\n\n\n\n<div class=\"gb-element-9b3aff11 carte-prix\">\n<p class=\"gb-text\"><strong>Samedi<\/strong><\/p>\n\n\n\n<p class=\"gb-text gb-text-c8cb521a\"><strong>54 \u20ac<\/strong><\/p>\n<\/div>\n\n\n\n<div class=\"gb-element-84f4f74b carte-prix\">\n<p class=\"gb-text gb-text-6e5d5f4b\"><strong>Dimanche<\/strong><\/p>\n\n\n\n<p class=\"gb-text gb-text-bf071411\"><strong>60 \u20ac <\/strong><\/p>\n<\/div>\n<\/div>\n\n\n\n<div class=\"gb-element-2e850eee\">\n<p class=\"gb-text gb-text-69d09f6e\">Tarif plein sur r\u00e9servation <\/p>\n<\/div>\n\n\n\n<div class=\"carte-hover\">\n<h1 class=\"gb-text gb-text-4b4f2d81\"> ! <strong>Pass trois jours : 130 \u20ac !<\/strong><\/h1>\n<\/div>\n\n\n\n<p><\/p>\n","protected":false},"excerpt":{"rendered":"<p>Vendredi 12 Juillet Le Rat Luciano L\u2019Alg\u00e9rino Ghetto Ph\u00e9nom\u00e8ne Soprano R\u00c9SERVER Samedi 13 Juillet Koffs YL Alonzo IAM&nbsp; R\u00c9SERVER Dimanche 14 Juillet Soso Manes SCH JUL 13 organis\u00e9e R\u00c9SERVER Tarifs Vendredi 54 \u20ac Samedi 54 \u20ac Dimanche 60 \u20ac Tarif plein sur r\u00e9servation ! Pass trois jours : 130 \u20ac !<\/p>\n","protected":false},"author":1,"featured_media":0,"parent":0,"menu_order":0,"comment_status":"closed","ping_status":"closed","template":"","meta":{"footnotes":""},"class_list":["post-249","page","type-page","status-publish"],"_links":{"self":[{"href":"https:\/\/etudiant72.webuco.fr\/index.php\/wp-json\/wp\/v2\/pages\/249","targetHints":{"allow":["GET"]}}],"collection":[{"href":"https:\/\/etudiant72.webuco.fr\/index.php\/wp-json\/wp\/v2\/pages"}],"about":[{"href":"https:\/\/etudiant72.webuco.fr\/index.php\/wp-json\/wp\/v2\/types\/page"}],"author":[{"embeddable":true,"href":"https:\/\/etudiant72.webuco.fr\/index.php\/wp-json\/wp\/v2\/users\/1"}],"replies":[{"embeddable":true,"href":"https:\/\/etudiant72.webuco.fr\/index.php\/wp-json\/wp\/v2\/comments?post=249"}],"version-history":[{"count":17,"href":"https:\/\/etudiant72.webuco.fr\/index.php\/wp-json\/wp\/v2\/pages\/249\/revisions"}],"predecessor-version":[{"id":493,"href":"https:\/\/etudiant72.webuco.fr\/index.php\/wp-json\/wp\/v2\/pages\/249\/revisions\/493"}],"wp:attachment":[{"href":"https:\/\/etudiant72.webuco.fr\/index.php\/wp-json\/wp\/v2\/media?parent=249"}],"curies":[{"name":"wp","href":"https:\/\/api.w.org\/{rel}","templated":true}]}}